5).
1
Calculate 1 - -4 - ((-5 - -25) + -14).
-1
What is the value of (2 - 0) + (1 - 4) + -7?
-8
What is -3 + (-2 - 0) + 2?
-3
Calculate 2 + 0 + (-2 - 3) + -1.
-4
Calculate (3 - -3) + -11 + 5.
0
(-4 - 0) + 4 + -3
-3
What is 3 + 1 + 1 + -3?
2
Evaluate 23 + -18 - (-3 + 1 - -7).
0
What is the value of 0 - 1 - (5 + -4)?
-2
-29 + 31 + -9 + 2
-5
-20 + (2 - -14) + -5
-9
Evaluate 9 + (-4 - (-4 - -3)).
6
Evaluate -4 - -6 - (0 - 1).
3
Evaluate -1 - -1 - 0 - (-2 + 6).
-4
What is the value of 7 + (-4 - (-12 + 7))?
8
(6 - 0) + -16 + 10 + 3
3
-9 + 1 + -50 + 64 + -7
-1
Calculate -8 + 0 + (-7 + 8 - -2).
-5
Evaluate (-2 - -10) + 26 + -29.
5
What is the value of 1 - ((0 - 10) + 7)?
4
Calculate 156 + -161 - (-13 + 1).
7
(-6 - -1) + (-4 - -14)
5
Evaluate 5 + (-6 - (-5 - -9)).
-5
Evaluate (-8 + 0 - -8) + 4.
4
Calculate (5 - -1) + 1 - 5.
2
What is (-68 - -64) + (-4 - 0)?
-8
-6 - (7 - 1) - -2
-10
What is the value of (0 - -8) + -37 + 34?
5
Evaluate 1 + (3 - (-3 - -2)) + 0.
5
What is -3 + (-2 - (0 + -7))?
2
What is the value of (-4 - 4) + 25 + (-2 - 8)?
7
What is -3 - (0 + (-2 - (-2 + -1)))?
-4
10 - (-15 + 18 + -1 + -1)
9
Evaluate 0 - (7 + 2 + -12 + 5).
-2
What is 3 + -1 + -3 - -3?
2
What is the value of (10 - -11 - (3 + 0)) + -8?
10
What is 4 + 1 + -3 + 5 - 4?
3
What is (-11 - -5) + 4 + (-2 - -11)?
7
Evaluate 6 + -2 + (2 - 5).
1
What is the value of -4 - (-10 - (-9 - -5 - -5))?
7
Evaluate 6 + (-6 - (-12 + -1 + 6)).
7
Calculate 5 + 1 - (23 + -20).
3
Calculate (1 - (8 + -2)) + 10.
5
What is (-1 - -7) + 7 + -8?
5
Calculate 6 + (-7 - 0) - -2.
1
Evaluate -2 - (-1 + 2 + 1 + -3).
-1
Evaluate (-12 - -4) + (3 + 2 - 2).
-5
Calculate 4 - (2 + 2 + (4 - 1)).
-3
3 + (-8 - -1 - -2)
-2
2 + -3 - (11 + -4)
-8
What is the value of (-4 + 20 - 18) + (0 - -6)?
4
-1 - (-18 - (-1 + -12))
4
Evaluate -6 + (4 - -10 - 3).
5
What is 3 - (1 - (2 + (0 - 4)))?
0
What is the value of 9 - (-6 + 11 + 5 + -7)?
6
What is the value of 2 - 5 - (-15 - -8)?
4
What is (0 - 1) + (-1 + 6 - -1)?
5
What is (-2 - (0 + 2)) + (3 - 7)?
-8
What is (-10 - -2) + -2 - -7?
-3
What is 2 + -3 + 1 + 3 + 0?
3
What is (-1 + (2 - -3) - 1) + -3?
0
Calculate 1 + -4 + -9 - (2 - 7).
-7
Calculate -3 - (0 - 6) - (1 + 0).
2
Calculate 3 + -2 + (1 - 1).
1
What is 9 + -6 + -1 + -3?
-1
8 + -1 + 124 + -132
-1
Calculate (0 - (0 + 1)) + 5 + -6.
-2
What is (1 - -1) + -4 + 7?
5
49 - 47 - (3 - -9 - 3)
-7
Evaluate 1 + 1 - (10 + 9 + -17).
0
30 + -33 + 0 + (-2 - -5)
0
What is the value of (-1 - (-1 + -2)) + -4?
-2
Calculate -1 + 1 + -2 + -3.
-5
Calculate (-2 - -9) + (15 + 2 - 15).
9
Evaluate 9 - -1 - (5 - -2).
3
What is the value of (8 - (7 + -4)) + 0?
5
Evaluate -47 + 53 + (0 - 2) + -2.
2
Calculate 3 + -1 + (-6 - -2).
-2
(-1 + 6 - 4) + (-2 - 3)
-4
What is the value of 0 + 0 - (-5 + -12 - -10)?
7
What is the value of -117 + 110 + (0 - (-2 - -1))?
-6
Evaluate -2 + -3 + 5 + -3.
-3
Calculate 1 + (-2 - 3 - -1).
-3
-2 + -4 + 3 + -2 + 0
-5
What is the value of 0 + (1 - (-1 - 2)) + -3?
1
Calculate 6 - 2 - (6 - (4 - 0)).
2
Evaluate -2 + (5 + -2 - (2 + -5)).
4
(-4 - 0) + 6 + -3 + -3
-4
What is (-22 - (-11 - 7)) + (-6 - -2)?
-8
Evaluate 1 + 4 + 0 + 6 - 5.
6
(7 + -3 - (-1 - -2)) + -1
2
Calculate 9 + -1 + -16 - (1 + -2).
-7
What is the value of (1 - 0) + (-10 - -7)?
-2
What is the value of 6 + -8 + -7 + 4?
-5
What is the value of 1 + 0 + 1 - (3 - 1)?
0
What is 33 + -26 - (5 - 1)?
3
Evaluate 5 + (8 - -2 - 13).
2
Calculate -4 - (3 + -3 + -5 + 3).
-2
Evaluate 9 + -13 + 0 + 2.
-2
(15 - 23) + 1 + (3 - -2)
-2
1 + (-8 - -12 - -1)
6
6 + 5 + (-4 - 2 - 0)
5
What is the value of -5 + (1 - (-2 + -1))?
-1
Calculate -4 - (0 + -8 - 2).
6
What is the value of -1 + -1 + (-2 - -10)?
6
Calculate (1 - 1) + (-9 - -4).
-5
Calculate -4 - (-5 + -7 + 20 + -7).
-5
Evaluate 10 - 14 - (-1 + -4 + -1).
2
Calculate 2 - (2 + 3 + -1).
-2
-2 + 1 + (-2 - -6)
3
Evaluate -3 + (-5 - -6) + 4.
2
What is 2 - 0 - (19 - 8 - 10)?
1
What is (-19 - -20) + (0 - -4) - 9?
-4
-6 + (13 - (0 - -5)) - 11
-9
Evaluate (3 - 0) + (-12 - -11).
2
Evaluate 6 - (19 - 5 - 3).
-5
Evaluate 0 + -3 - (5 + -3 + -10).
5
Evaluate 7 + (-8 - -13 - 14).
-2
3 + (2 - 1 - 2 - 1)
1
Calculate (-5 - ((-8 - -3) + -2)) + 8.
10
Calculate 2 + -13 + (-10 - -11).
-10
Calculate 1 + 1 + 2 + -15 + 14.
3
Evaluate 2 + (9 + -10 - 9).
-8
Evaluate 5 + -7 + 1 + 1 + -5.
-5
Calculate 25 + -27 - (0 - 4).
2
-2 - ((-4 + 8 - 2) + -2)
-2
What is the value of 2 + (3 + 0 - 3) - -1?
3
9 - 2 - (-11 + 16)
2
-4 + 0 + 0 - (-11 - -7)
0
Evaluate 0 - (4 - 0) - -8.
4
Calculate 5 - (9 - (-1 - 5)).
-10
Evaluate 7 + (4 - 7) + 2.
6
Evaluate 0 + 4 + (0 + 12 - 17).
-1
What is the value of -5 - (3 + 0 + -4)?
-4
Calculate (1 - (0 - 1 - 0)) + 2.
4
(-6 - -1 - -1) + 7 - -3
6
(9 - 4) + -7 + 4
2
Evaluate 8 - (-5 + -3 + 2 + 8).
6
Calculate (2 - (-2 - -4)) + -1 + -3.
-4
Evaluate (7 - (9 + -8)) + -9 + -6.
-9
What is the value of (-3 - ((3 - 1) + -4)) + -4?
-5
Evaluate -2 - (4 + 2 + (-4 - 7)).
3
Calculate -2 + 2 + 3 - (0 - -1).
2
(7 - 18) + 5 + 7
1
Evaluate -11 - ((14 - 43) + 10).
8
(-1 - -2) + (-12 - -13)
2
What is -2 + 5 + -9 + 8?
2
What is the value of 16 + -16 - (3 - -2 - 2)?
-3
What is -10 - (11 + (-13 - 1))?
-7
What is 12 + -16 + (10 - 2)?
4
Evaluate -2 - (3 - (0 + 0)).
-5
Evaluate -14 - (-14 + 0 - -8).
-8
What is (4 - 1) + (-6 - 2) + 1?
-4
What is the value of -11 + (3 + -12 - -11)?
-9
Evaluate 12 + (-8 - 1) + -10.
-7
Calculate 3 + 1 + 0 + (2 - 2).
4
Evaluate -6 - (-7 + 5 + -5).
1
Evaluate (-2 + 4 - 0) + -3.
-1
Evaluate (6 - 12) + 2 + 3 - 2.
-3
What is the value of (6 - 3) + -9 + 9?
3
What is -7 + -7 - (-4 - 1)?
-9
What is the value of 10 + -2 - 3 - 10?
-5
Calculate -3 + -5 - (-7 - -1).
-2
(213 - 211) + -3 + 1 + -1
-1
Evaluate (5 - 10) + (1 - (-6 + 3)).
-1
What is -5 - (0 - (1 + 2) - 1)?
-1
What is the value of (2 - 3 - 0) + -1 + 3?
1
Calculate -1 - 5 - (-105 + 93).
6
What is the value of -1 + 0 + (4 + 2 - 3)?
2
What is the value of (21 - 13) + -3 + -2?
3
Calculate 2 + -4 - (81 - 74).
-9
What is 0 + 0 - (-2 - (7 + -14))?
-5
Calculate (3 - 2 - 4) + 16 + -8.
5
Calculate -4 + (3 + 2 - 4).
-3
What is the value of -4 - ((-6 - -1) + 2) - 2?
-3
What is the value of -3 + (-3 + 12 - (2 + 1))?
3
Evaluate 0 + 3 + (-2 - 4).
-3
What is 4 - ((10 - 2) + -10)?
6
Calculate -81 - -77 - (-12 - 0).
8
Evaluate 5 + -2 - 4 - (1 + 3).
-5
What is -1 + 0 + 2 + (0 - -1)?
2
-4 - ((2 - -14) + -10)
-10
What is the value of 2 + (9 + -7 - 9)?
-5
-13 + -1 - (-50 + 42)
-6
Evaluate -4 + (0 - -1 - (25 + -28)).
0
Calculate (28 - 24) + (-14 - -1) - -4.
-5
Evaluate (-5 - (10 - 3)) + 21.
9
What is the value of 0 + 3 + 21 + -24 + -5?
-5
Evaluate 0 + (-3 - (-1 - -4)).
-6
Calculate -27 + 30 - (1 - (-1 - -1)).
2
What is -6 - (-9 - -5 - (9 - 7))?
0
Calculate (9 - 8) + 2 + (4 - 3).
4
Calculate 1 + (7 - 5) - 1.
2
What is the value of 1 - (4 - 13 - -15)?
-5
Calculate (5 + -1 - 6) + 9.
7
What is the value of -15 + 13 - (0 - -3)?
-5
What is (0 + 6 - 8) + (-2 - -1)?
-3
6 - (1 - (3 - (0 + 2)))
6
Calculate -1 - -3 - -2 - (18 + -14).
0
-4 + (11 - 10) - (-2 - -8)
-9
3 + (7 - (5 - 1) - 1)
5
Calculate -9 - ((9 - 10) + -8).
0
What is 8 - 8 - (1 - 0)?
-1
Calculate 1 - (0 + (0 - -4)).
-3
What is the value of 5 + (-5 + 7 - 13)?
-6
What is 21 + -19 + (0 - 4) - 3?
-5
Evaluate -17 - (-20 + 7) - -3.
-1
What is 0 - 0 - (-104 + 107)?
-3
Evaluate (-3 - -9) + (-11 - -10).
5
Evaluate (6 - 1) + (15 + -15 - 7).
-2
What is 2 + (-7 - (2 + -2) - -1)?
-4
What is the value of -18 + 18 - (-3 + 4)?
-1
What is 3 + -3 - 2 - -3?
1
What is -595 + 593 - (-3 - (-1 - 0))?
0
What is (7 - 18) + 4 + 2 - -13?
8
What is 0 + 5 + -10 - -1 - -2?
-2
6 + -2 - (-4 + 3 + 1)
4
Evaluate 0 - (3 - (5 - 2)).
0
Calculate 2 + 3 - (-2 + 6 + 0).
1
(-4 - 4) + -18 + 27
1
-5 + 5 + (-6 + 6 - 2)
-2
What is the value of -5 + 8 + -7 + 7?
3
Evaluate -2 - -6 - 3 - 5.
-4
Evaluate 10 + -5 + -3 - -5.
7
Calculate 6 + (7 - -1) + -19.
-5
What is 17 - (0 + 9 + -1)?
9
What is (5 - 2) + -8 - (-1 + -8)?
4
What is the value of 9 + (-1 + 6 - (-41 + 46))?
9
What is -1 + -1 + 8 - 7?
-1
Evaluate -5 - (1 - (-2 - -1) - 5).
-2
What is the value of -1 + (3 - 2) + -1 + 4?
3
Evaluate (-4 - -8) + 1 + -3 - 3.
-1
What is -4 - (5 - 13) - 0?
4
What is -3 + 1 - (-3 + (2 - -2))?
-3
Calculate 1 + -5 - (12 - 13) - -3.
0
Calculate 7 - (-6 + 10 + 0 + -1).
4
What is 5 + 1 + -3 - 0?
3
Calculate -2 + 6 - (65 - 60).
-1
W